{"id":16,"date":"2019-05-04T22:31:24","date_gmt":"2019-05-04T21:31:24","guid":{"rendered":"http:\/\/192.168.24.102\/?page_id=16"},"modified":"2019-05-04T22:31:25","modified_gmt":"2019-05-04T21:31:25","slug":"nos-services","status":"publish","type":"page","link":"https:\/\/www.raadconsulting.fr\/index.php\/nos-services\/","title":{"rendered":"Nos Services"},"content":{"rendered":"\n<p>RaaD consulting&nbsp;met son expertise et son savoir faire&nbsp;au service de ses clients dans les domaines suivants:<\/p>\n\n\n\n<ul class=\"wp-block-list\"><li>Strat\u00e9gie des syst\u00e8mes d\u2019informations<\/li><li>Audit et qualit\u00e9<\/li><li>Expression de besoins<\/li><li>Gestion de projet<\/li><li>SGBD<\/li><li>Ing\u00e9nierie syst\u00e8me et r\u00e9seaux<\/li><li>S\u00e9curit\u00e9<\/li><\/ul>\n","protected":false},"excerpt":{"rendered":"<p>RaaD consulting&nbsp;met son expertise et son savoir faire&nbsp;au service de ses clients dans les domaines suivants: Strat\u00e9gie des syst\u00e8mes d\u2019informations Audit et qualit\u00e9 Expression de besoins Gestion de projet SGBD Ing\u00e9nierie syst\u00e8me et r\u00e9seaux S\u00e9curit\u00e9<\/p>\n","protected":false},"author":1,"featured_media":0,"parent":0,"menu_order":0,"comment_status":"closed","ping_status":"closed","template":"","meta":{"footnotes":""},"class_list":["post-16","page","type-page","status-publish","hentry"],"_links":{"self":[{"href":"https:\/\/www.raadconsulting.fr\/index.php\/wp-json\/wp\/v2\/pages\/16","targetHints":{"allow":["GET"]}}],"collection":[{"href":"https:\/\/www.raadconsulting.fr\/index.php\/wp-json\/wp\/v2\/pages"}],"about":[{"href":"https:\/\/www.raadconsulting.fr\/index.php\/wp-json\/wp\/v2\/types\/page"}],"author":[{"embeddable":true,"href":"https:\/\/www.raadconsulting.fr\/index.php\/wp-json\/wp\/v2\/users\/1"}],"replies":[{"embeddable":true,"href":"https:\/\/www.raadconsulting.fr\/index.php\/wp-json\/wp\/v2\/comments?post=16"}],"version-history":[{"count":2,"href":"https:\/\/www.raadconsulting.fr\/index.php\/wp-json\/wp\/v2\/pages\/16\/revisions"}],"predecessor-version":[{"id":18,"href":"https:\/\/www.raadconsulting.fr\/index.php\/wp-json\/wp\/v2\/pages\/16\/revisions\/18"}],"wp:attachment":[{"href":"https:\/\/www.raadconsulting.fr\/index.php\/wp-json\/wp\/v2\/media?parent=16"}],"curies":[{"name":"wp","href":"https:\/\/api.w.org\/{rel}","templated":true}]}}